 - 192. What is the units digit of j?
7
Let s(t) = -t**2 - 6*t - 1. Let x be s(-5). Suppose d = 1 + 3, -4*q + 76 = x*d. What is the tens digit of q?
1
Let r = 363 - 175. What is the tens digit of r?
8
Suppose 273 + 98 = 7*q. What is the units digit of q?
3
Let q(a) = a + 6. Let m be q(-3). Let z be 50 + 4 - (-4)/2. Suppose z = m*o + o. What is the units digit of o?
4
Suppose -g - 5*m + 82 = -m, 5*g - 325 = -3*m. What is the units digit of g?
2
Let p be (-13)/2 + 4/8. What is the tens digit of (4 + 2)*(-10)/p?
1
Let k(m) = m - 4. Let p be k(8). Suppose 0 = -3*s - 4*z - 2 - 0, -p*s - 4*z = 0. Suppose -s*u + 7 + 2 = 3*h, -4*u + 6 = 2*h. What is the units digit of h?
3
Suppose -4*c + 6 = 5*u, 3*u - c + 5*c - 2 = 0. Suppose 5*a + o - 20 = 0, a + 0*a = o - u. What is the units digit of a?
3
What is the tens digit of ((-20)/(-8))/((-3)/(-102))?
8
Let o = -13 + 12. Let q = o + 4. What is the units digit of q?
3
Let a = 1 - -2. Suppose -a*s + 2*l + 38 = 14, s = 4*l + 8. What is the units digit of s?
8
What is the hundreds digit of -1 - (-14)/10 - 7832/(-20)?
3
Let w = 53 + -37. What is the units digit of w?
6
Suppose -5*b + c + 5 = -4*c, 4*c = -3*b + 31. Suppose b*k = -w + 2*w - 25, 0 = -3*w + 2*k + 75. What is the units digit of w?
5
Let s(d) = d**2 + d. Let p(q) = q**2 + q - 1. Let g(a) = -3*p(a) + 5*s(a). What is the tens digit of g(-3)?
1
Let i(c) = -c**3 + 7*c**2 - 6*c + 7. Let x be i(6). Let t(u) = -5 + x*u**2 - 7*u + 2*u**2 - 4*u**2 + u**3. What is the units digit of t(-6)?
1
Let d(t) = -t + 8. Let w be d(7). Let p(k) = w - k + 5 + 2*k. What is the units digit of p(0)?
6
Suppose -q = 4*q - 140. Suppose -3*z = a - 82, -2*z + z = a - q. What is the tens digit of z?
2
Suppose -2*k + 333 = 31. What is the tens digit of k?
5
Let d(g) = -g**3 - 8*g**2 - 2*g + 21. What is the units digit of d(-9)?
0
Let k(w) = 4*w + 3. What is the tens digit of k(9)?
3
Suppose -3*v = -118 + 40. What is the tens digit of 0 + (-2 - -3) + v?
2
Let y(r) = r + 23. What is the units digit of y(16)?
9
Let r be (-3 - -1)*7/(-2). Let n = -24 + 22. Let k = n + r. What is the units digit of k?
5
Let d be (-1)/(-4) + 46/8. Let a = d + -1. What is the units digit of a?
5
Suppose 0 = -4*h + 3*l + 27 - 5, -4*l = 4*h - 8. Suppose -4*m = -z - 6, -57 = -5*z - h*m + 9. What is the units digit of z?
0
Suppose 15*b - 929 = 631. What is the units digit of b?
4
Let v(n) = -9*n**3 - n**2 - 4*n - 1. What is the tens digit of v(-2)?
7
Suppose 0*t = 2*t - 10, 5*p + 4*t - 20 = 0. Suppose 4*i + 3*m - 27 = p, 10 = 2*i - 4*m + 2*m. Let c = 11 - i. What is the units digit of c?
5
Let x(i) = 2*i**2 + 7*i - 13. What is the units digit of x(3)?
6
Suppose 19 = 4*i + 3*w - 12, w - 1 = 0. What is the units digit of i?
7
Suppose 56 + 42 = 5*u + 2*s, 0 = 2*s + 2. What is the units digit of u?
0
Let j = -10 + 12. Suppose -j*f + 3*f = 8. What is the units digit of f?
8
Suppose 5*k - 12 = 3. What is the units digit of k?
3
Let h(r) = 9*r + 1. Let u(b) = b**2 + b + 2. Let q be u(-2). Let a be ((-6)/24)/((-1)/q). What is the tens digit of h(a)?
1
What is the tens digit of 32 + (1 - (2 - -1))?
3
Let h be 2/(-1)*28/(-8). Suppose -2*i = -h - 13. What is the units digit of i?
0
Suppose 0*g + 2*g = 56. What is the tens digit of g?
2
Let t(j) be the first derivative of -j**3/3 - 7*j**2/2 + 6*j + 1. Suppose -3*z = 7 + 14. What is the units digit of t(z)?
6
Let v(i) = -3*i**2 + 11*i - 13. Let j(y) = y**2 - 1. Let x(f) = -2*j(f) - v(f). What is the units digit of x(12)?
7
What is the units digit of 1956/14 - (-2)/7?
0
Let f be (4 + -1)*10/6. Suppose -w - v = -12, -3*v + 4*v = f*w - 84. What is the units digit of w?
6
Let y be (-8 - -6) + 1 + -1. What is the units digit of (-31)/y - 7/14?
5
Let f(p) = -2*p. Let d be f(-1). Suppose -5*g - d = 4*k, 5*g + 3*k = 7*k + 22. What is the units digit of g?
2
Let i(x) = -2*x + 10. Let l be i(11). Let j(b) = b**2 + 13*b + 14. What is the units digit of j(l)?
2
What is the tens digit of (3/9)/((-3)/(-522))?
5
Suppose -3*k - 4*n = -3*n - 214, 5*k - 5*n - 390 = 0. What is the units digit of k?
3
Suppose 0 = -4*c - r + 148 + 177, -5*r = c - 67. What is the tens digit of c?
8
Suppose 0*n + 4*n = 0. What is the units digit of (-2)/(-4)*(2 - n)?
1
Let m = -89 + 63. Let x = m + 36. What is the units digit of x?
0
Let z = 0 + 238. What is the tens digit of z?
3
Let a(w) = -7*w**2 - 4 + 4 - 5*w + 3 - w**3. Let t be a(-6). Let l = t - -4. What is the units digit of l?
1
Let g(w) = w**3 - 5*w**2 + 3*w + 4. Let p be g(4). Suppose p = 3*v, q - v - 7 = -21. Let f = -10 - q. What is the units digit of f?
4
What is the tens digit of 22/(-121) - (-1256)/11?
1
What is the tens digit of (4 + -1)*-2*58/(-12)?
2
Let b be (0 - -1) + 1*4. Suppose b*q - 15 = 5*d, -d - d = -3*q + 8. What is the units digit of (-7 + 0)*(d + 0)?
7
Let z be (0 - 1)*(6 + 5). Let x = z + 13. What is the units digit of x?
2
Let a(r) = 57*r**3 + 2*r**2 + 3*r + 2. Let i be a(-1). Let w = -36 - i. What is the units digit of w?
0
Let w(r) be the second derivative of -3*r**3/2 - 11*r**2/2 - r. What is the tens digit of w(-7)?
5
Let d(j) = -16*j - 6. Let c be d(-4). Suppose -3*q + c = 1. What is the tens digit of q?
1
Let g(x) be the third derivative of -x**6/120 + x**5/20 + x**4/8 + 2*x**2. Let t be g(-2). Let n = -8 + t. What is the units digit of n?
6
Let l(z) = z**3 + 5*z**2. Let k be l(-5). Suppose -5*y + 18 = x - 3, -y = -5*x + 1. Suppose k = n - 2*s - 18, 5*s - y = -n - 0*n. What is the units digit of n?
4
Let a(x) be the second derivative of x**3/6 + 9*x**2/2 + 4*x. What is the units digit of a(0)?
9
Suppose -3*t - 7 + 31 = 0. What is the units digit of t?
8
Let q be (1/2)/((-2)/(-8)). Let t = -13 - -25. What is the units digit of -1 + q + -4 + t?
9
What is the units digit of 194/8 + (-5)/20?
4
Let u(f) = 16*f**3. Suppose -2*b + 3 = -5. Suppose 14 = b*m - 3*l - 2, 4*m + 4 = -2*l. What is the tens digit of u(m)?
1
Let g be (-6)/12 + 15/(-2). Let j = -5 - g. Suppose -z + 37 = 4*q, j*z = -2*q + 36 - 5. What is the units digit of q?
8
Suppose 0 = 8*n - 3*n. Let m be (7 - -2)*(n - 1). Let f = -8 - m. What is the units digit of f?
1
Let l(f) be the second derivative of f**3/6 + f. Let p be l(2). What is the units digit of (-44)/(-10) + p/(-5)?
4
Let d(r) = -r**3 + 5*r**2 + 5*r + 2. Let p(l) = l**2 - 2*l - 10. Let g be p(5). What is the units digit of d(g)?
7
Let p be (-2)/8 - (-26467)/28. What is the tens digit of p/30*(-4)/(-6)?
2
Let g = 8 - 5. Suppose -2*f + 31 = g. What is the tens digit of f?
1
Let i(p) = -p**2 + 3*p + 5. Suppose -3*t = 2*t - 25. Let o be i(t). Let h = o - -7. What is the units digit of h?
2
Let s = -29 - 15. Let w be (s/(-6))/(2/12). Let h = w + -30. What is the tens digit of h?
1
Suppose 0*a + 2*a = 56. Suppose 2*i + a = 3*i. What is the units digit of i?
8
What is the tens digit of -4 + 54*((-96)/9)/(-2)?
8
Let u be (-38)/12 + (-3)/(-18). What is the tens digit of 39/2 - u/(-6)?
1
Let b be (-1)/4*-6*4. Suppose 110 = -v + b*v. What is the tens digit of v?
2
Let s(u) = 3*u**2 + 13*u + 9. What is the tens digit of s(-7)?
6
Suppose 4*x + 2*o + o + 9 = 0, -14 = 3*x - 5*o. Let k be 2*3/((-6)/5). Let v = x - k. What is the units digit of v?
2
Let c be -1*(2 - 2) - -1. Suppose 0 = 2*t + c - 9. What is the units digit of t?
4
Let x be 4/10 - 2/5. Suppose x = 4*p + 40 - 128. What is the tens digit of p?
2
Let h(o) = o**3 - 10*o**2 + 3*o + 7. Suppose 2 - 6 = -w. Let b(r) = -r**3 + 11*r**2 - 4*r - 7. Let m(g) = w*h(g) + 3*b(g). What is the units digit of m(7)?
7
Suppose 2*w + 11 - 101 = 0. What is the units digit of w?
5
What is the tens digit of (-102)/4*30/(-36)*4?
8
Let d = -1 + 4. Suppose 0 = -4*w - d + 11. Suppose 2 = w*s - 12. What is the units digit of s?
7
Let z(n) = 15*n**2 - 4*n - 3. What is the tens digit of z(-2)?
6
Let l be (14/6 + -2)*33. Suppose l - 35 = -2*h. What is the tens digit of h?
1
Let n = -107 - -71. Let q = -17 - n. What is the tens digit of q?
1
Let a = -2 + 0. Let h be (a - (-2)/1) + 2. Suppose 0 = -5*j + 3*j + h. What is the units digit of j?
1
Let r = 676 + -382. What is the units digit of r?
4
Let o = 11 + -8. Let q(y) = y**3 - 6*y**2 + 2*y - 8. Let p be q(6). Suppose -p*d - 2*r - 14 = -7*d, r - 11 = -o*d. What is the units digit of d?
4
Let q(f) = -f**3 + 10*f**2 + f - 8. Let h be q(10)